{"id":346,"date":"2023-01-25T16:09:09","date_gmt":"2023-01-25T16:09:09","guid":{"rendered":"https:\/\/pivotly.ee\/test\/?page_id=346"},"modified":"2023-04-25T08:24:40","modified_gmt":"2023-04-25T08:24:40","slug":"coachid","status":"publish","type":"page","link":"https:\/\/pivotly.ee\/test\/coachid\/","title":{"rendered":"Coachid"},"content":{"rendered":"\t\t<div data-elementor-type=\"wp-page\" data-elementor-id=\"346\" class=\"elementor elementor-346\">\n\t\t\t\t\t\t<section class=\"elementor-section elementor-top-section elementor-element elementor-element-7762dbd elementor-section-boxed elementor-section-height-default elementor-section-height-default\" data-id=\"7762dbd\" data-element_type=\"section\" data-settings=\"{&quot;background_background&quot;:&quot;classic&quot;}\">\n\t\t\t\t\t\t<div class=\"elementor-container elementor-column-gap-default\">\n\t\t\t\t\t<div class=\"elementor-column elementor-col-100 elementor-top-column elementor-element elementor-element-a3bdb38\" data-id=\"a3bdb38\" data-element_type=\"column\">\n\t\t\t<div class=\"elementor-widget-wrap elementor-element-populated\">\n\t\t\t\t\t\t<div class=\"elementor-element elementor-element-4a62a14 elementor-widget elementor-widget-heading\" data-id=\"4a62a14\" data-element_type=\"widget\" data-widget_type=\"heading.default\">\n\t\t\t\t<div class=\"elementor-widget-container\">\n\t\t\t\t\t<h1 class=\"elementor-heading-title elementor-size-default\">Coachid<\/h1>\t\t\t\t<\/div>\n\t\t\t\t<\/div>\n\t\t\t\t<div class=\"elementor-element elementor-element-0180829 elementor-widget elementor-widget-heading\" data-id=\"0180829\" data-element_type=\"widget\" data-widget_type=\"heading.default\">\n\t\t\t\t<div class=\"elementor-widget-container\">\n\t\t\t\t\t<h2 class=\"elementor-heading-title elementor-size-default\">Vali endale sobiv coach ja asume koos teele!<\/h2>\t\t\t\t<\/div>\n\t\t\t\t<\/div>\n\t\t\t\t<section class=\"elementor-section elementor-inner-section elementor-element elementor-element-a31cbd5 elementor-section-boxed elementor-section-height-default elementor-section-height-default\" data-id=\"a31cbd5\" data-element_type=\"section\">\n\t\t\t\t\t\t<div class=\"elementor-container elementor-column-gap-default\">\n\t\t\t\t\t<div class=\"make-column-clickable-elementor elementor-column elementor-col-25 elementor-inner-column elementor-element elementor-element-8727e67\" style=\"cursor: pointer;\" data-column-clickable=\"https:\/\/pivotly.ee\/test\/coachid\/allar-raja\/\" data-column-clickable-blank=\"_self\" data-id=\"8727e67\" data-element_type=\"column\" data-settings=\"{&quot;background_background&quot;:&quot;classic&quot;}\">\n\t\t\t<div class=\"elementor-widget-wrap elementor-element-populated\">\n\t\t\t\t\t<div class=\"elementor-background-overlay\"><\/div>\n\t\t\t\t\t\t<div class=\"elementor-element elementor-element-fd7c49b elementor-widget elementor-widget-spacer\" data-id=\"fd7c49b\" data-element_type=\"widget\" data-widget_type=\"spacer.default\">\n\t\t\t\t<div class=\"elementor-widget-container\">\n\t\t\t\t\t\t\t<div class=\"elementor-spacer\">\n\t\t\t<div class=\"elementor-spacer-inner\"><\/div>\n\t\t<\/div>\n\t\t\t\t\t\t<\/div>\n\t\t\t\t<\/div>\n\t\t\t\t<div class=\"elementor-element elementor-element-bbd98b8 elementor-widget elementor-widget-heading\" data-id=\"bbd98b8\" data-element_type=\"widget\" data-widget_type=\"heading.default\">\n\t\t\t\t<div class=\"elementor-widget-container\">\n\t\t\t\t\t<h2 class=\"elementor-heading-title elementor-size-default\">Allar Raja<\/h2>\t\t\t\t<\/div>\n\t\t\t\t<\/div>\n\t\t\t\t<div class=\"elementor-element elementor-element-10f05aa elementor-widget elementor-widget-text-editor\" data-id=\"10f05aa\" data-element_type=\"widget\" data-widget_type=\"text-editor.default\">\n\t\t\t\t<div class=\"elementor-widget-container\">\n\t\t\t\t\t\t\t\t\tTippsportlasena tean, kui oluline on tagasil\u00f6\u00f6kide ajal mitte olukorda kinni j\u00e4\u00e4da, vaid leida \u00fcles v\u00f5imalused edasi minekuks.\n\n<a style=\"margin-top: 10px; margin-bottom: 10px; display: block; color: #fff; text-decoration: underline;\" href=\"https:\/\/pivotly.ee\/test\/coachid\/allar-raja\/\">Loe edasi<\/a>\t\t\t\t\t\t\t\t<\/div>\n\t\t\t\t<\/div>\n\t\t\t\t\t<\/div>\n\t\t<\/div>\n\t\t\t\t<div class=\"make-column-clickable-elementor elementor-column elementor-col-25 elementor-inner-column elementor-element elementor-element-ed05428\" style=\"cursor: pointer;\" data-column-clickable=\"https:\/\/pivotly.ee\/test\/coachid\/mari-kirss\/\" data-column-clickable-blank=\"_self\" data-id=\"ed05428\" data-element_type=\"column\" data-settings=\"{&quot;background_background&quot;:&quot;classic&quot;}\">\n\t\t\t<div class=\"elementor-widget-wrap elementor-element-populated\">\n\t\t\t\t\t<div class=\"elementor-background-overlay\"><\/div>\n\t\t\t\t\t\t<div class=\"elementor-element elementor-element-6cbc4b2 elementor-widget elementor-widget-spacer\" data-id=\"6cbc4b2\" data-element_type=\"widget\" data-widget_type=\"spacer.default\">\n\t\t\t\t<div class=\"elementor-widget-container\">\n\t\t\t\t\t\t\t<div class=\"elementor-spacer\">\n\t\t\t<div class=\"elementor-spacer-inner\"><\/div>\n\t\t<\/div>\n\t\t\t\t\t\t<\/div>\n\t\t\t\t<\/div>\n\t\t\t\t<div class=\"elementor-element elementor-element-577371a elementor-widget elementor-widget-heading\" data-id=\"577371a\" data-element_type=\"widget\" data-widget_type=\"heading.default\">\n\t\t\t\t<div class=\"elementor-widget-container\">\n\t\t\t\t\t<h2 class=\"elementor-heading-title elementor-size-default\">Mari Kirss<\/h2>\t\t\t\t<\/div>\n\t\t\t\t<\/div>\n\t\t\t\t<div class=\"elementor-element elementor-element-b538831 elementor-widget elementor-widget-text-editor\" data-id=\"b538831\" data-element_type=\"widget\" data-widget_type=\"text-editor.default\">\n\t\t\t\t<div class=\"elementor-widget-container\">\n\t\t\t\t\t\t\t\t\t<p>T\u00e4nases kaootilises maailmas oleme tihti muutuste ees hirmul. Kuigi meil v\u00f5ib olla tunne, et samamoodi enam edasi minna ei jaksa.<br \/><a style=\"margin-top: 10px; margin-bottom: 10px; display: block; color: #fff; text-decoration: underline;\" href=\"https:\/\/pivotly.ee\/test\/coachid\/mari-kirss\/\" data-wplink-edit=\"true\">Loe edasi<\/a><\/p>\t\t\t\t\t\t\t\t<\/div>\n\t\t\t\t<\/div>\n\t\t\t\t\t<\/div>\n\t\t<\/div>\n\t\t\t\t<div class=\"make-column-clickable-elementor elementor-column elementor-col-25 elementor-inner-column elementor-element elementor-element-434ea14\" style=\"cursor: pointer;\" data-column-clickable=\"https:\/\/pivotly.ee\/test\/coachid\/ilona-lott\/\" data-column-clickable-blank=\"_self\" data-id=\"434ea14\" data-element_type=\"column\" data-settings=\"{&quot;background_background&quot;:&quot;classic&quot;}\">\n\t\t\t<div class=\"elementor-widget-wrap elementor-element-populated\">\n\t\t\t\t\t<div class=\"elementor-background-overlay\"><\/div>\n\t\t\t\t\t\t<div class=\"elementor-element elementor-element-963456c elementor-widget elementor-widget-spacer\" data-id=\"963456c\" data-element_type=\"widget\" data-widget_type=\"spacer.default\">\n\t\t\t\t<div class=\"elementor-widget-container\">\n\t\t\t\t\t\t\t<div class=\"elementor-spacer\">\n\t\t\t<div class=\"elementor-spacer-inner\"><\/div>\n\t\t<\/div>\n\t\t\t\t\t\t<\/div>\n\t\t\t\t<\/div>\n\t\t\t\t<div class=\"elementor-element elementor-element-dadc3c1 elementor-widget elementor-widget-heading\" data-id=\"dadc3c1\" data-element_type=\"widget\" data-widget_type=\"heading.default\">\n\t\t\t\t<div class=\"elementor-widget-container\">\n\t\t\t\t\t<h2 class=\"elementor-heading-title elementor-size-default\">Ilona Lott<\/h2>\t\t\t\t<\/div>\n\t\t\t\t<\/div>\n\t\t\t\t<div class=\"elementor-element elementor-element-307c42f elementor-widget elementor-widget-text-editor\" data-id=\"307c42f\" data-element_type=\"widget\" data-widget_type=\"text-editor.default\">\n\t\t\t\t<div class=\"elementor-widget-container\">\n\t\t\t\t\t\t\t\t\t<p>Soovid astuda sammu tundmatusse, aga kardad, et ei saa hakkama? Olen sellistes olukordades olnud vist rohkem kui taevas t\u00e4hti.<br \/><a style=\"margin-top: 10px; margin-bottom: 10px; display: block; color: #fff; text-decoration: underline;\" href=\"https:\/\/pivotly.ee\/test\/coachid\/ilona-lott\/\" data-wplink-edit=\"true\">Loe edasi<\/a><\/p>\t\t\t\t\t\t\t\t<\/div>\n\t\t\t\t<\/div>\n\t\t\t\t\t<\/div>\n\t\t<\/div>\n\t\t\t\t<div class=\"make-column-clickable-elementor elementor-column elementor-col-25 elementor-inner-column elementor-element elementor-element-e747421\" style=\"cursor: pointer;\" data-column-clickable=\"https:\/\/pivotly.ee\/test\/coachid\/argo-teetlaus\/\" data-column-clickable-blank=\"_self\" data-id=\"e747421\" data-element_type=\"column\" data-settings=\"{&quot;background_background&quot;:&quot;classic&quot;}\">\n\t\t\t<div class=\"elementor-widget-wrap elementor-element-populated\">\n\t\t\t\t\t<div class=\"elementor-background-overlay\"><\/div>\n\t\t\t\t\t\t<div class=\"elementor-element elementor-element-6779d56 elementor-widget elementor-widget-spacer\" data-id=\"6779d56\" data-element_type=\"widget\" data-widget_type=\"spacer.default\">\n\t\t\t\t<div class=\"elementor-widget-container\">\n\t\t\t\t\t\t\t<div class=\"elementor-spacer\">\n\t\t\t<div class=\"elementor-spacer-inner\"><\/div>\n\t\t<\/div>\n\t\t\t\t\t\t<\/div>\n\t\t\t\t<\/div>\n\t\t\t\t<div class=\"elementor-element elementor-element-14d6452 elementor-widget elementor-widget-heading\" data-id=\"14d6452\" data-element_type=\"widget\" data-widget_type=\"heading.default\">\n\t\t\t\t<div class=\"elementor-widget-container\">\n\t\t\t\t\t<h2 class=\"elementor-heading-title elementor-size-default\">Argo Teetlaus<\/h2>\t\t\t\t<\/div>\n\t\t\t\t<\/div>\n\t\t\t\t<div class=\"elementor-element elementor-element-a35ceba elementor-widget elementor-widget-text-editor\" data-id=\"a35ceba\" data-element_type=\"widget\" data-widget_type=\"text-editor.default\">\n\t\t\t\t<div class=\"elementor-widget-container\">\n\t\t\t\t\t\t\t\t\t<p><span style=\"font-weight: 400;\">Olen kogenud juht, kellel veerand sajandi pikkune kogemustepagas. See on olnud erakordselt \u00f5petlik teekond. <\/span><br \/><a style=\"margin-top: 10px; margin-bottom: 15px; display: block; color: #fff; text-decoration: underline;\" href=\"https:\/\/pivotly.ee\/test\/coachid\/argo-teetlaus\/\" data-wplink-edit=\"true\">Loe edasi<\/a><\/p>\t\t\t\t\t\t\t\t<\/div>\n\t\t\t\t<\/div>\n\t\t\t\t\t<\/div>\n\t\t<\/div>\n\t\t\t\t\t<\/div>\n\t\t<\/section>\n\t\t\t\t\t<\/div>\n\t\t<\/div>\n\t\t\t\t\t<\/div>\n\t\t<\/section>\n\t\t\t\t<section class=\"elementor-section elementor-top-section elementor-element elementor-element-ac56146 elementor-section-boxed elementor-section-height-default elementor-section-height-default\" data-id=\"ac56146\" data-element_type=\"section\">\n\t\t\t\t\t\t<div class=\"elementor-container elementor-column-gap-default\">\n\t\t\t\t\t<div class=\"elementor-column elementor-col-100 elementor-top-column elementor-element elementor-element-27eef13\" data-id=\"27eef13\" data-element_type=\"column\">\n\t\t\t<div class=\"elementor-widget-wrap\">\n\t\t\t\t\t\t\t<\/div>\n\t\t<\/div>\n\t\t\t\t\t<\/div>\n\t\t<\/section>\n\t\t\t\t<\/div>\n\t\t","protected":false},"excerpt":{"rendered":"<p>Coachid Vali endale sobiv coach ja asume koos teele! Allar Raja Tippsportlasena tean, kui oluline on tagasil\u00f6\u00f6kide ajal mitte olukorda kinni j\u00e4\u00e4da, vaid leida \u00fcles v\u00f5imalused edasi minekuks. Loe edasi Mari Kirss T\u00e4nases kaootilises maailmas oleme tihti muutuste ees hirmul. Kuigi meil v\u00f5ib olla tunne, et samamoodi enam edasi minna ei jaksa.Loe edasi Ilona Lott [&hellip;]<\/p>\n","protected":false},"author":1,"featured_media":0,"parent":0,"menu_order":0,"comment_status":"closed","ping_status":"closed","template":"","meta":{"om_disable_all_campaigns":false,"inline_featured_image":false,"_uf_show_specific_survey":0,"_uf_disable_surveys":false,"footnotes":""},"class_list":["post-346","page","type-page","status-publish","hentry"],"_links":{"self":[{"href":"https:\/\/pivotly.ee\/test\/wp-json\/wp\/v2\/pages\/346","targetHints":{"allow":["GET"]}}],"collection":[{"href":"https:\/\/pivotly.ee\/test\/wp-json\/wp\/v2\/pages"}],"about":[{"href":"https:\/\/pivotly.ee\/test\/wp-json\/wp\/v2\/types\/page"}],"author":[{"embeddable":true,"href":"https:\/\/pivotly.ee\/test\/wp-json\/wp\/v2\/users\/1"}],"replies":[{"embeddable":true,"href":"https:\/\/pivotly.ee\/test\/wp-json\/wp\/v2\/comments?post=346"}],"version-history":[{"count":157,"href":"https:\/\/pivotly.ee\/test\/wp-json\/wp\/v2\/pages\/346\/revisions"}],"predecessor-version":[{"id":3658,"href":"https:\/\/pivotly.ee\/test\/wp-json\/wp\/v2\/pages\/346\/revisions\/3658"}],"wp:attachment":[{"href":"https:\/\/pivotly.ee\/test\/wp-json\/wp\/v2\/media?parent=346"}],"curies":[{"name":"wp","href":"https:\/\/api.w.org\/{rel}","templated":true}]}}