{"id":3868,"date":"2023-05-29T19:11:15","date_gmt":"2023-05-29T19:11:15","guid":{"rendered":"https:\/\/pivotly.ee\/test\/?page_id=3868"},"modified":"2023-10-21T08:21:57","modified_gmt":"2023-10-21T08:21:57","slug":"meeskond-paadis","status":"publish","type":"page","link":"https:\/\/pivotly.ee\/test\/meeskond-paadis\/","title":{"rendered":"Meeskonna treening: Kuidas panna paat kiiremini liikuma?"},"content":{"rendered":"\t\t<div data-elementor-type=\"wp-page\" data-elementor-id=\"3868\" class=\"elementor elementor-3868\">\n\t\t\t\t\t\t<section class=\"elementor-section elementor-top-section elementor-element elementor-element-3201388 elementor-section-boxed elementor-section-height-default elementor-section-height-default\" data-id=\"3201388\" data-element_type=\"section\">\n\t\t\t\t\t\t<div class=\"elementor-container elementor-column-gap-default\">\n\t\t\t\t\t<div class=\"elementor-column elementor-col-100 elementor-top-column elementor-element elementor-element-0a04716\" data-id=\"0a04716\" data-element_type=\"column\">\n\t\t\t<div class=\"elementor-widget-wrap elementor-element-populated\">\n\t\t\t\t\t\t<div class=\"elementor-element elementor-element-708a83e elementor-widget elementor-widget-spacer\" data-id=\"708a83e\" data-element_type=\"widget\" data-widget_type=\"spacer.default\">\n\t\t\t\t<div class=\"elementor-widget-container\">\n\t\t\t\t\t\t\t<div class=\"elementor-spacer\">\n\t\t\t<div class=\"elementor-spacer-inner\"><\/div>\n\t\t<\/div>\n\t\t\t\t\t\t<\/div>\n\t\t\t\t<\/div>\n\t\t\t\t\t<\/div>\n\t\t<\/div>\n\t\t\t\t\t<\/div>\n\t\t<\/section>\n\t\t\t\t<section class=\"elementor-section elementor-top-section elementor-element elementor-element-57a2f42 elementor-section-boxed elementor-section-height-default elementor-section-height-default\" data-id=\"57a2f42\" data-element_type=\"section\">\n\t\t\t\t\t\t<div class=\"elementor-container elementor-column-gap-default\">\n\t\t\t\t\t<div class=\"elementor-column elementor-col-50 elementor-top-column elementor-element elementor-element-0bc5215\" data-id=\"0bc5215\" data-element_type=\"column\">\n\t\t\t<div class=\"elementor-widget-wrap elementor-element-populated\">\n\t\t\t\t\t\t<div class=\"elementor-element elementor-element-8e039b6 elementor-widget__width-initial elementor-widget elementor-widget-text-editor\" data-id=\"8e039b6\" data-element_type=\"widget\" data-widget_type=\"text-editor.default\">\n\t\t\t\t<div class=\"elementor-widget-container\">\n\t\t\t\t\t\t\t\t\t<p style=\"text-align: left;\"><span style=\"font-weight: 400;\">Ol\u00fcmpiamedalisti ja professionaalsete <\/span><i><span style=\"font-weight: 400;\">coach<\/span><\/i><span style=\"font-weight: 400;\">ide abil pakume sinu meeskonnale v\u00f5imalust osaleda 4-8 tunnisel meeskonna treeningul, kus:<\/span><\/p><ul style=\"text-align: left;\"><li style=\"text-align: left;\" aria-level=\"1\"><b>kasvatame sinu meeskonna teadlikkust ettev\u00f5tte eesm\u00e4rkidest ja tugevustest, kasutades tippsportlaste kogemusi tulemuste saavutamisel;<\/b><\/li><\/ul><ul style=\"text-align: left;\"><li style=\"text-align: left;\" aria-level=\"1\"><b>teeme kindlaks, milliseid rolle on vaja meeskonnas t\u00e4ita, et saavutada seatud eesm\u00e4rgid.<\/b><\/li><\/ul><p style=\"text-align: left;\"><span style=\"color: var( --e-global-color-text ); font-family: var( --e-global-typography-text-font-family ), Sans-serif; font-size: var( --e-global-typography-text-font-size );\">\u00a0<\/span><\/p><p style=\"text-align: left;\"><span style=\"color: var( --e-global-color-text ); font-family: var( --e-global-typography-text-font-family ), Sans-serif; font-size: var( --e-global-typography-text-font-size );\">Viime teid meeskonnaga \u00fchele lainele ning \u00f5pite t\u00f5mbama \u00fches r\u00fctmis, et leida maksimaalne potentsiaal saavutamaks seatud eesm\u00e4rgid.\u00a0<\/span><\/p>\t\t\t\t\t\t\t\t<\/div>\n\t\t\t\t<\/div>\n\t\t\t\t\t<\/div>\n\t\t<\/div>\n\t\t\t\t<div class=\"elementor-column elementor-col-50 elementor-top-column elementor-element elementor-element-b12023a\" data-id=\"b12023a\" data-element_type=\"column\">\n\t\t\t<div class=\"elementor-widget-wrap elementor-element-populated\">\n\t\t\t\t\t\t<div class=\"elementor-element elementor-element-3b45038 elementor-widget elementor-widget-video\" data-id=\"3b45038\" data-element_type=\"widget\" data-settings=\"{&quot;youtube_url&quot;:&quot;https:\\\/\\\/youtu.be\\\/eN8xxBsRxeA&quot;,&quot;autoplay&quot;:&quot;yes&quot;,&quot;mute&quot;:&quot;yes&quot;,&quot;video_type&quot;:&quot;youtube&quot;,&quot;controls&quot;:&quot;yes&quot;}\" data-widget_type=\"video.default\">\n\t\t\t\t<div class=\"elementor-widget-container\">\n\t\t\t\t\t\t\t<div class=\"elementor-wrapper elementor-open-inline\">\n\t\t\t<div class=\"elementor-video\"><\/div>\t\t<\/div>\n\t\t\t\t\t\t<\/div>\n\t\t\t\t<\/div>\n\t\t\t\t\t<\/div>\n\t\t<\/div>\n\t\t\t\t\t<\/div>\n\t\t<\/section>\n\t\t\t\t<section class=\"elementor-section elementor-top-section elementor-element elementor-element-5ecb68f elementor-section-boxed elementor-section-height-default elementor-section-height-default\" data-id=\"5ecb68f\" data-element_type=\"section\">\n\t\t\t\t\t\t<div class=\"elementor-container elementor-column-gap-default\">\n\t\t\t\t\t<div class=\"elementor-column elementor-col-100 elementor-top-column elementor-element elementor-element-2f90090\" data-id=\"2f90090\" data-element_type=\"column\">\n\t\t\t<div class=\"elementor-widget-wrap elementor-element-populated\">\n\t\t\t\t\t\t<div class=\"elementor-element elementor-element-2083dfb elementor-widget elementor-widget-spacer\" data-id=\"2083dfb\" data-element_type=\"widget\" data-widget_type=\"spacer.default\">\n\t\t\t\t<div class=\"elementor-widget-container\">\n\t\t\t\t\t\t\t<div class=\"elementor-spacer\">\n\t\t\t<div class=\"elementor-spacer-inner\"><\/div>\n\t\t<\/div>\n\t\t\t\t\t\t<\/div>\n\t\t\t\t<\/div>\n\t\t\t\t\t<\/div>\n\t\t<\/div>\n\t\t\t\t\t<\/div>\n\t\t<\/section>\n\t\t\t\t<section class=\"elementor-section elementor-top-section elementor-element elementor-element-9232ca2 elementor-section-boxed elementor-section-height-default elementor-section-height-default\" data-id=\"9232ca2\" data-element_type=\"section\">\n\t\t\t\t\t\t<div class=\"elementor-container elementor-column-gap-default\">\n\t\t\t\t\t<div class=\"elementor-column elementor-col-100 elementor-top-column elementor-element elementor-element-d2f1034\" data-id=\"d2f1034\" data-element_type=\"column\">\n\t\t\t<div class=\"elementor-widget-wrap elementor-element-populated\">\n\t\t\t\t\t\t<div class=\"elementor-element elementor-element-38bf6b5 elementor-widget elementor-widget-text-editor\" data-id=\"38bf6b5\" data-element_type=\"widget\" data-widget_type=\"text-editor.default\">\n\t\t\t\t<div class=\"elementor-widget-container\">\n\t\t\t\t\t\t\t\t\t<p style=\"text-align: center;\"><b>Tule Ol\u00fcmpiamedalistiga \u00fchte paati!<\/b><\/p><p style=\"text-align: center;\">V\u00f5ta minuga \u00fchendust, mulle meeldiks kuulda sinu v\u00e4ljakutsest:<\/p><p style=\"text-align: center;\"><a href=\"https:\/\/www.linkedin.com\/in\/allar-raja\/\" target=\"_blank\" rel=\"noopener\">Allar Raja <img decoding=\"async\" class=\"alignnone  wp-image-3945\" src=\"https:\/\/pivotly.ee\/test\/wp-content\/uploads\/2023\/09\/LinkedIn-icon-300x300.png\" alt=\"LinkedIn_icon\" width=\"17\" height=\"17\" srcset=\"https:\/\/pivotly.ee\/test\/wp-content\/uploads\/2023\/09\/LinkedIn-icon-300x300.png 300w, https:\/\/pivotly.ee\/test\/wp-content\/uploads\/2023\/09\/LinkedIn-icon-150x150.png 150w, https:\/\/pivotly.ee\/test\/wp-content\/uploads\/2023\/09\/LinkedIn-icon-75x75.png 75w, https:\/\/pivotly.ee\/test\/wp-content\/uploads\/2023\/09\/LinkedIn-icon.png 512w\" sizes=\"(max-width: 17px) 100vw, 17px\" \/><\/a><br \/>55625883<br \/>allar@pivotly.ee<\/p><p>\u00a0<\/p>\t\t\t\t\t\t\t\t<\/div>\n\t\t\t\t<\/div>\n\t\t\t\t\t<\/div>\n\t\t<\/div>\n\t\t\t\t\t<\/div>\n\t\t<\/section>\n\t\t\t\t<section class=\"elementor-section elementor-top-section elementor-element elementor-element-685c816 elementor-section-boxed elementor-section-height-default elementor-section-height-default\" data-id=\"685c816\" data-element_type=\"section\">\n\t\t\t\t\t\t<div class=\"elementor-container elementor-column-gap-default\">\n\t\t\t\t\t<div class=\"elementor-column elementor-col-100 elementor-top-column elementor-element elementor-element-2cfcbc7\" data-id=\"2cfcbc7\" data-element_type=\"column\">\n\t\t\t<div class=\"elementor-widget-wrap elementor-element-populated\">\n\t\t\t\t\t\t<div class=\"elementor-element elementor-element-1208ad6 elementor-widget elementor-widget-testimonial\" data-id=\"1208ad6\" data-element_type=\"widget\" data-widget_type=\"testimonial.default\">\n\t\t\t\t<div class=\"elementor-widget-container\">\n\t\t\t\t\t\t\t<div class=\"elementor-testimonial-wrapper\">\n\t\t\t\t\t\t\t<div class=\"elementor-testimonial-content\">\"Soovitaksin Pivotly meeskonnatreeningut meeskondadele, kus on vaja teha koost\u00f6\u00f6d ja arvestada teistega. N\u00e4iteks erinevatele osakondadele, kelle t\u00f6\u00f6 s\u00f5ltub teineteisest vahetult, kollektiividele, mis on liidetud, kuid kus on veel ikka teie ja meie tiimid v\u00f5i meeskondadele, kus on juhtimisprobleemid ja \u00fcksteisega arvestamise teemad pidevalt \u00f5hus,\"<\/div>\n\t\t\t\n\t\t\t\t\t\t<div class=\"elementor-testimonial-meta elementor-has-image elementor-testimonial-image-position-aside\">\n\t\t\t\t<div class=\"elementor-testimonial-meta-inner\">\n\t\t\t\t\t\t\t\t\t\t\t<div class=\"elementor-testimonial-image\">\n\t\t\t\t\t\t\t<img decoding=\"async\" width=\"200\" height=\"200\" src=\"https:\/\/pivotly.ee\/test\/wp-content\/uploads\/2023\/09\/2e134244-81ec-4e47-a68b-5bebb9f022f4_thumb.jpg\" class=\"attachment-full size-full wp-image-3908\" alt=\"Pivotly-klient-piret-tilk\" srcset=\"https:\/\/pivotly.ee\/test\/wp-content\/uploads\/2023\/09\/2e134244-81ec-4e47-a68b-5bebb9f022f4_thumb.jpg 200w, https:\/\/pivotly.ee\/test\/wp-content\/uploads\/2023\/09\/2e134244-81ec-4e47-a68b-5bebb9f022f4_thumb-150x150.jpg 150w, https:\/\/pivotly.ee\/test\/wp-content\/uploads\/2023\/09\/2e134244-81ec-4e47-a68b-5bebb9f022f4_thumb-75x75.jpg 75w\" sizes=\"(max-width: 200px) 100vw, 200px\" \/>\t\t\t\t\t\t<\/div>\n\t\t\t\t\t\n\t\t\t\t\t\t\t\t\t\t<div class=\"elementor-testimonial-details\">\n\t\t\t\t\t\t\t\t\t\t\t\t\t\t<div class=\"elementor-testimonial-name\">Piret Tilk<\/div>\n\t\t\t\t\t\t\t\t\t\t\t\t\t\t\t\t\t\t\t\t\t\t<div class=\"elementor-testimonial-job\">ARISTA Executive Search<\/div>\n\t\t\t\t\t\t\t\t\t\t\t\t\t<\/div>\n\t\t\t\t\t\t\t\t\t<\/div>\n\t\t\t<\/div>\n\t\t\t\t\t<\/div>\n\t\t\t\t\t\t<\/div>\n\t\t\t\t<\/div>\n\t\t\t\t\t<\/div>\n\t\t<\/div>\n\t\t\t\t\t<\/div>\n\t\t<\/section>\n\t\t\t\t<section class=\"elementor-section elementor-top-section elementor-element elementor-element-1b6b19d elementor-section-boxed elementor-section-height-default elementor-section-height-default\" data-id=\"1b6b19d\" data-element_type=\"section\">\n\t\t\t\t\t\t<div class=\"elementor-container elementor-column-gap-default\">\n\t\t\t\t\t<div class=\"elementor-column elementor-col-100 elementor-top-column elementor-element elementor-element-b6adbc8\" data-id=\"b6adbc8\" data-element_type=\"column\">\n\t\t\t<div class=\"elementor-widget-wrap elementor-element-populated\">\n\t\t\t\t\t\t<div class=\"elementor-element elementor-element-8c89e31 elementor-widget elementor-widget-spacer\" data-id=\"8c89e31\" data-element_type=\"widget\" data-widget_type=\"spacer.default\">\n\t\t\t\t<div class=\"elementor-widget-container\">\n\t\t\t\t\t\t\t<div class=\"elementor-spacer\">\n\t\t\t<div class=\"elementor-spacer-inner\"><\/div>\n\t\t<\/div>\n\t\t\t\t\t\t<\/div>\n\t\t\t\t<\/div>\n\t\t\t\t\t<\/div>\n\t\t<\/div>\n\t\t\t\t\t<\/div>\n\t\t<\/section>\n\t\t\t\t<\/div>\n\t\t","protected":false},"excerpt":{"rendered":"<p>Ol\u00fcmpiamedalisti ja professionaalsete coachide abil pakume sinu meeskonnale v\u00f5imalust osaleda 4-8 tunnisel meeskonna treeningul, kus: kasvatame sinu meeskonna teadlikkust ettev\u00f5tte eesm\u00e4rkidest ja tugevustest, kasutades tippsportlaste kogemusi tulemuste saavutamisel; teeme kindlaks, milliseid rolle on vaja meeskonnas t\u00e4ita, et saavutada seatud eesm\u00e4rgid. \u00a0 Viime teid meeskonnaga \u00fchele lainele ning \u00f5pite t\u00f5mbama \u00fches r\u00fctmis, et leida maksimaalne potentsiaal [&hellip;]<\/p>\n","protected":false},"author":1,"featured_media":0,"parent":0,"menu_order":0,"comment_status":"closed","ping_status":"closed","template":"","meta":{"om_disable_all_campaigns":false,"inline_featured_image":false,"_uf_show_specific_survey":0,"_uf_disable_surveys":false,"footnotes":""},"class_list":["post-3868","page","type-page","status-publish","hentry"],"_links":{"self":[{"href":"https:\/\/pivotly.ee\/test\/wp-json\/wp\/v2\/pages\/3868","targetHints":{"allow":["GET"]}}],"collection":[{"href":"https:\/\/pivotly.ee\/test\/wp-json\/wp\/v2\/pages"}],"about":[{"href":"https:\/\/pivotly.ee\/test\/wp-json\/wp\/v2\/types\/page"}],"author":[{"embeddable":true,"href":"https:\/\/pivotly.ee\/test\/wp-json\/wp\/v2\/users\/1"}],"replies":[{"embeddable":true,"href":"https:\/\/pivotly.ee\/test\/wp-json\/wp\/v2\/comments?post=3868"}],"version-history":[{"count":71,"href":"https:\/\/pivotly.ee\/test\/wp-json\/wp\/v2\/pages\/3868\/revisions"}],"predecessor-version":[{"id":3968,"href":"https:\/\/pivotly.ee\/test\/wp-json\/wp\/v2\/pages\/3868\/revisions\/3968"}],"wp:attachment":[{"href":"https:\/\/pivotly.ee\/test\/wp-json\/wp\/v2\/media?parent=3868"}],"curies":[{"name":"wp","href":"https:\/\/api.w.org\/{rel}","templated":true}]}}